{"id":10,"date":"2013-04-28T17:53:03","date_gmt":"2013-04-28T15:53:03","guid":{"rendered":"http:\/\/www.alois-springer.de\/francais\/?page_id=10"},"modified":"2013-07-16T15:41:16","modified_gmt":"2013-07-16T13:41:16","slug":"philharmonia-hungarica","status":"publish","type":"page","link":"http:\/\/alois-springer.de\/francais\/philharmonia-hungarica\/","title":{"rendered":"Philharmonia Hungarica"},"content":{"rendered":"<p><img loading=\"lazy\" decoding=\"async\" src=\"http:\/\/www.alois-springer.de\/wp-content\/uploads\/2013\/04\/hungarica_580.jpg\" alt=\"\" width=\"580\" height=\"260\" class=\"alignnone size-full wp-image-256\" \/><br \/>\n&nbsp;<\/p>\n<p><strong>Le retour en Europe<\/strong><\/p>\n<p>Alois Springer devait d\u00e9cider s&#8217;il allait rester \u00e0 New York ou revenir en Europe. Malgr\u00e9 les attraits de la Philharmonie de New York, deux \u00e9v\u00e8nements le persuad\u00e8rent finalement de rentrer chez lui en Europe. <\/p>\n<p>Tout d&#8217;abord, il fallait honorer une partie du prix \u201econcerts jeunes artistes\u201c qu&#8217;il avait gagn\u00e9 il y a quelques ann\u00e9es \u00e0 Hanovre. Ce prix comprenait une repr\u00e9sentation avec l&#8217;Orchestre Radio-Symphonique de Berlin. Le concert a eu lieu finalement \u00e0 son retour des Etats-Unis. Il fut acclam\u00e9 avec enthousiasme par la presse nationale allemande. Lors de sa repr\u00e9sentation du concert pour piano de Robert Schumann et La Valse de Maurice Ravel, la presse le c\u00e9l\u00e9brait comme \u00e9tant le grand espoir allemand. <\/p>\n<p><!-- Hier k\u00f6nnen Sie Pressestimmen zum Deb\u00fct mit dem Radio-Symphonie-Orchester Berlin nachlesen. --><\/p>\n<p><img loading=\"lazy\" decoding=\"async\" src=\"http:\/\/www.alois-springer.de\/wp-content\/uploads\/2013\/04\/KulturbrDirigierportraet_152.jpg\" alt=\"\" width=\"152\" height=\"172\" class=\"alignleft size-full wp-image-262\" \/>Lors de son s\u00e9jour aux Etats-Unis, il eut la proposition de devenir \u00e0 33 ans chef de la Philharmonia Hungarica. Ces musiciens de l&#8217;ancienne Philharmonie de Budapest avaient \u00e9migr\u00e9 en Allemagne lors du soul\u00e8vement hongrois de 1956 et \u00e9taient par la suite subventionn\u00e9s par la R\u00e9publique F\u00e9d\u00e9rale Allemande jusqu&#8217;\u00e0 la r\u00e9unification de l&#8217;Allemagne. Ils constituaient en effet un des plus fameux orchestres symphoniques de l&#8217;Europe. <\/p>\n<p><img loading=\"lazy\" decoding=\"async\" src=\"http:\/\/www.alois-springer.de\/wp-content\/uploads\/2013\/04\/Kulturbr2005Dirigierschwebe_152.jpg\" alt=\"\" width=\"152\" height=\"139\" class=\"alignleft size-full wp-image-263\" \/>Pour Alois Springer, cette proposition \u00e9tait une chance qui devait le rapprocher encore plus \u00e0 ses visions musicales. C&#8217;\u00e9tait un v\u00e9ritable challenge. <\/p>\n<p>Apr\u00e8s son d\u00e9but sensationnel \u00e0 Berlin et vu la possibilit\u00e9 de devenir chef de la Philharmonia Hungarica, il eut un appel de Dr Wolfgang Stresemann, intendant de la Philhamonie de Berlin :  \u00bbJeune homme \u00bblui disait-il \u00bbsi vous y arrivez avec ce grand orchestre avec tous ses probl\u00e8mes li\u00e9s \u00e0 l&#8217;exil, vous pourrez ensuite venir chez moi \u00e0 la Philharmonie de Berlin. \u00bbSuite \u00e0 cela, Springer envoya un t\u00e9l\u00e9gramme \u00e0 Leonard Bernstein : \u00bbI got the cape!\u00bb <\/p>\n<p>&nbsp;<\/p>\n<p><strong>Chef de la <em>Philharmonia Hungarica<\/em><\/strong><\/p>\n<p><img loading=\"lazy\" decoding=\"async\" src=\"http:\/\/www.alois-springer.de\/wp-content\/uploads\/2013\/04\/Pressefoto1_152.jpg\" alt=\"\" width=\"152\" height=\"101\" class=\"alignleft size-full wp-image-265\" \/>Devenu chef de la Philharmonia Hungarica, Alois Springer pouvait maintenant rassembler autour de lui tous les grands musiciens dont il avait gagn\u00e9 l&#8217;estime et l&#8217;amiti\u00e9 un peu partout dans le monde, parmi eux surtout Pierre Fournier et Yehudi Menuhin. Claudio Arrau, le grand pianiste du si\u00e8cle dernier disait \u00e0 propos de Alois Springer :<br \/>\n\t\u00ab \u2026 il poss\u00e8de une m\u00e9moire ph\u00e9nom\u00e9nale, une condition physique excellente, une capacit\u00e9 \u00e9tonnante de communiquer avec tous les orchestres, un concept et une repr\u00e9sentation sonore claires de chaque oeuvre et la capacit\u00e9 de les ex\u00e9cuter imm\u00e9diatement. \u00bb <\/p>\n<p>Avec ce formidable corps musical qu\u00b4\u00e9tait la Philharmonia Hungarica, Alois Springer pouvait d\u00e9sormais r\u00e9aliser les visions musicales qu&#8217;il avait poursuivies imperturbablement tout au long de sa carri\u00e8re. C&#8217;\u00e9tait le d\u00e9but d&#8217;une intense activit\u00e9 nationale et internationale avec son orchestre. Lors de ces tourn\u00e9es \u00e0 travers le monde, Alois Springer \u00e9tayait la r\u00e9putation de la Philharmonia Hungarica. Sous sa baguette, elle devenait un ensemble musical d&#8217;exception en Allemagne et \u00e0 l\u00b4\u00e9tranger. <\/p>\n<p><!-- Hier k\u00f6nnen Sie Pressestimmen zur \u00dcbernahme des Orchesters durch Alois Springer nachlesen. --><\/p>\n<p>&nbsp;<\/p>\n<p><strong>D&#8217;autres grands orchestres en Europe<\/strong><\/p>\n<p><div id=\"attachment_259\" style=\"width: 162px\" class=\"wp-caption alignleft\"><img loading=\"lazy\" decoding=\"async\" aria-describedby=\"caption-attachment-259\" src=\"http:\/\/www.alois-springer.de\/wp-content\/uploads\/2013\/04\/antal_dorarti_152.jpg\" alt=\"Alois Springer avec Antal Dorati\" width=\"152\" height=\"159\" class=\"size-full wp-image-259 alignleft\" \/><p id=\"caption-attachment-259\" class=\"wp-caption-text\">Alois Springer avec Antal Dorati<\/p><\/div>Ces succ\u00e8s lui ouvrirent, \u00e0 l&#8217;Ouest comme \u00e0 l&#8217;Est, les portes des salles de concerts avec leurs fameux orchestres symphoniques, des stations de radio ainsi que des producteurs de disques. Entre autres, il dirigeait la Philharmonie de Hambourg, avec laquelle il enregistra plusieurs disques ainsi que l&#8217;Orchestre Symphonique du S\u00fcdwestfunk, l&#8217;Orchestre de Chambre de Pforzheim ou la Philharmonie de Sofia et les grands orchestres de l&#8217;Est. Ensemble avec Antal Dorati, il pr\u00e9parait l&#8217;enregistrement historique de la totalit\u00e9 des 140 symphonies de Haydn pour le producteur de disque DECCA. Avec la Philharmonia Hungarica, il jouait diverses \u0153uvres pour la Vox Turnabout, comme par exemple le concert pour piano de Maurice Ravel avec Maria Littauer. <\/p>\n<p><img loading=\"lazy\" decoding=\"async\" src=\"http:\/\/www.alois-springer.de\/wp-content\/uploads\/2013\/04\/PortraetmitGeigenbogen_152.jpg\" alt=\"\" width=\"152\" height=\"121\" class=\"alignleft size-full wp-image-267\" \/>Apr\u00e8s 30 ans d&#8217;activit\u00e9 internationale avec des orchestres des plus vari\u00e9s, Alois Springer est revenu le 18 d\u00e9cembre 2000 pour un dernier concert avec la Philharmonia Hungarica qui \u00e9tait alors sur le point de se dissoudre officiellement. De nouveau, il fut acclam\u00e9 par le public et la presse. <\/p>\n<p><!-- Hier k\u00f6nnen Sie Pressestimmen zum Abschiedskonzert der Philharmonia Hungarica nachlesen. --><\/p>\n<p>Avec ce concert se referma la boucle pour Alois Springer. L&#8217;\u00e8re de la Philharmonia Hungarica \u00e9tait termin\u00e9e. <\/p>\n<p>Pour Alois Springer aussi, il aurait \u00e9t\u00e9 temps de se permettre plus de calme apr\u00e8s tant d&#8217;ann\u00e9es de succ\u00e8s et d&#8217;activit\u00e9s. Mais il r\u00eavait d\u00e9j\u00e0 \u00e0 d&#8217;autres projets ambitieux. <\/p>\n","protected":false},"excerpt":{"rendered":"<p>&nbsp; Le retour en Europe Alois Springer devait d\u00e9cider s&#8217;il allait rester \u00e0 New York ou revenir en Europe. Malgr\u00e9 les attraits de la Philharmonie de New York, deux \u00e9v\u00e8nements le persuad\u00e8rent finalement de rentrer chez lui en Europe. Tout d&#8217;abord, il fallait honorer une partie du prix \u201econcerts jeunes artistes\u201c qu&#8217;il avait gagn\u00e9 il [&hellip;]<\/p>\n","protected":false},"author":1,"featured_media":0,"parent":0,"menu_order":5,"comment_status":"closed","ping_status":"closed","template":"","meta":{"footnotes":""},"_links":{"self":[{"href":"http:\/\/alois-springer.de\/francais\/wp-json\/wp\/v2\/pages\/10"}],"collection":[{"href":"http:\/\/alois-springer.de\/francais\/wp-json\/wp\/v2\/pages"}],"about":[{"href":"http:\/\/alois-springer.de\/francais\/wp-json\/wp\/v2\/types\/page"}],"author":[{"embeddable":true,"href":"http:\/\/alois-springer.de\/francais\/wp-json\/wp\/v2\/users\/1"}],"replies":[{"embeddable":true,"href":"http:\/\/alois-springer.de\/francais\/wp-json\/wp\/v2\/comments?post=10"}],"version-history":[{"count":5,"href":"http:\/\/alois-springer.de\/francais\/wp-json\/wp\/v2\/pages\/10\/revisions"}],"predecessor-version":[{"id":54,"href":"http:\/\/alois-springer.de\/francais\/wp-json\/wp\/v2\/pages\/10\/revisions\/54"}],"wp:attachment":[{"href":"http:\/\/alois-springer.de\/francais\/wp-json\/wp\/v2\/media?parent=10"}],"curies":[{"name":"wp","href":"https:\/\/api.w.org\/{rel}","templated":true}]}}

<p><img loading="lazy" decoding="async" src="http://www.alois-springer.de/wp-content/uploads/2013/04/hungarica_580.jpg" alt="" width="580" height="260" class="alignnone size-full wp-image-256" /><br />
&nbsp;</p>
<p><strong>Le retour en Europe</strong></p>
<p>Alois Springer devait décider s&#8217;il allait rester à New York ou revenir en Europe. Malgré les attraits de la Philharmonie de New York, deux évènements le persuadèrent finalement de rentrer chez lui en Europe. </p>
<p>Tout d&#8217;abord, il fallait honorer une partie du prix „concerts jeunes artistes“ qu&#8217;il avait gagné il y a quelques années à Hanovre. Ce prix comprenait une représentation avec l&#8217;Orchestre Radio-Symphonique de Berlin. Le concert a eu lieu finalement à son retour des Etats-Unis. Il fut acclamé avec enthousiasme par la presse nationale allemande. Lors de sa représentation du concert pour piano de Robert Schumann et La Valse de Maurice Ravel, la presse le célébrait comme étant le grand espoir allemand. </p>
<p><!-- Hier können Sie Pressestimmen zum Debüt mit dem Radio-Symphonie-Orchester Berlin nachlesen. --></p>
<p><img loading="lazy" decoding="async" src="http://www.alois-springer.de/wp-content/uploads/2013/04/KulturbrDirigierportraet_152.jpg" alt="" width="152" height="172" class="alignleft size-full wp-image-262" />Lors de son séjour aux Etats-Unis, il eut la proposition de devenir à 33 ans chef de la Philharmonia Hungarica. Ces musiciens de l&#8217;ancienne Philharmonie de Budapest avaient émigré en Allemagne lors du soulèvement hongrois de 1956 et étaient par la suite subventionnés par la République Fédérale Allemande jusqu&#8217;à la réunification de l&#8217;Allemagne. Ils constituaient en effet un des plus fameux orchestres symphoniques de l&#8217;Europe. </p>
<p><img loading="lazy" decoding="async" src="http://www.alois-springer.de/wp-content/uploads/2013/04/Kulturbr2005Dirigierschwebe_152.jpg" alt="" width="152" height="139" class="alignleft size-full wp-image-263" />Pour Alois Springer, cette proposition était une chance qui devait le rapprocher encore plus à ses visions musicales. C&#8217;était un véritable challenge. </p>
<p>Après son début sensationnel à Berlin et vu la possibilité de devenir chef de la Philharmonia Hungarica, il eut un appel de Dr Wolfgang Stresemann, intendant de la Philhamonie de Berlin :  »Jeune homme »lui disait-il »si vous y arrivez avec ce grand orchestre avec tous ses problèmes liés à l&#8217;exil, vous pourrez ensuite venir chez moi à la Philharmonie de Berlin. »Suite à cela, Springer envoya un télégramme à Leonard Bernstein : »I got the cape!» </p>
<p>&nbsp;</p>
<p><strong>Chef de la <em>Philharmonia Hungarica</em></strong></p>
<p><img loading="lazy" decoding="async" src="http://www.alois-springer.de/wp-content/uploads/2013/04/Pressefoto1_152.jpg" alt="" width="152" height="101" class="alignleft size-full wp-image-265" />Devenu chef de la Philharmonia Hungarica, Alois Springer pouvait maintenant rassembler autour de lui tous les grands musiciens dont il avait gagné l&#8217;estime et l&#8217;amitié un peu partout dans le monde, parmi eux surtout Pierre Fournier et Yehudi Menuhin. Claudio Arrau, le grand pianiste du siècle dernier disait à propos de Alois Springer :<br />
	« … il possède une mémoire phénoménale, une condition physique excellente, une capacité étonnante de communiquer avec tous les orchestres, un concept et une représentation sonore claires de chaque oeuvre et la capacité de les exécuter immédiatement. » </p>
<p>Avec ce formidable corps musical qu´était la Philharmonia Hungarica, Alois Springer pouvait désormais réaliser les visions musicales qu&#8217;il avait poursuivies imperturbablement tout au long de sa carrière. C&#8217;était le début d&#8217;une intense activité nationale et internationale avec son orchestre. Lors de ces tournées à travers le monde, Alois Springer étayait la réputation de la Philharmonia Hungarica. Sous sa baguette, elle devenait un ensemble musical d&#8217;exception en Allemagne et à l´étranger. </p>
<p><!-- Hier können Sie Pressestimmen zur Übernahme des Orchesters durch Alois Springer nachlesen. --></p>
<p>&nbsp;</p>
<p><strong>D&#8217;autres grands orchestres en Europe</strong></p>
<p><div id="attachment_259" style="width: 162px" class="wp-caption alignleft"><img loading="lazy" decoding="async" aria-describedby="caption-attachment-259" src="http://www.alois-springer.de/wp-content/uploads/2013/04/antal_dorarti_152.jpg" alt="Alois Springer avec Antal Dorati" width="152" height="159" class="size-full wp-image-259 alignleft" /><p id="caption-attachment-259" class="wp-caption-text">Alois Springer avec Antal Dorati</p></div>Ces succès lui ouvrirent, à l&#8217;Ouest comme à l&#8217;Est, les portes des salles de concerts avec leurs fameux orchestres symphoniques, des stations de radio ainsi que des producteurs de disques. Entre autres, il dirigeait la Philharmonie de Hambourg, avec laquelle il enregistra plusieurs disques ainsi que l&#8217;Orchestre Symphonique du Südwestfunk, l&#8217;Orchestre de Chambre de Pforzheim ou la Philharmonie de Sofia et les grands orchestres de l&#8217;Est. Ensemble avec Antal Dorati, il préparait l&#8217;enregistrement historique de la totalité des 140 symphonies de Haydn pour le producteur de disque DECCA. Avec la Philharmonia Hungarica, il jouait diverses œuvres pour la Vox Turnabout, comme par exemple le concert pour piano de Maurice Ravel avec Maria Littauer. </p>
<p><img loading="lazy" decoding="async" src="http://www.alois-springer.de/wp-content/uploads/2013/04/PortraetmitGeigenbogen_152.jpg" alt="" width="152" height="121" class="alignleft size-full wp-image-267" />Après 30 ans d&#8217;activité internationale avec des orchestres des plus variés, Alois Springer est revenu le 18 décembre 2000 pour un dernier concert avec la Philharmonia Hungarica qui était alors sur le point de se dissoudre officiellement. De nouveau, il fut acclamé par le public et la presse. </p>
<p><!-- Hier können Sie Pressestimmen zum Abschiedskonzert der Philharmonia Hungarica nachlesen. --></p>
<p>Avec ce concert se referma la boucle pour Alois Springer. L&#8217;ère de la Philharmonia Hungarica était terminée. </p>
<p>Pour Alois Springer aussi, il aurait été temps de se permettre plus de calme après tant d&#8217;années de succès et d&#8217;activités. Mais il rêvait déjà à d&#8217;autres projets ambitieux. </p>

<p>&nbsp; Le retour en Europe Alois Springer devait décider s&#8217;il allait rester à New York ou revenir en Europe. Malgré les attraits de la Philharmonie de New York, deux évènements le persuadèrent finalement de rentrer chez lui en Europe. Tout d&#8217;abord, il fallait honorer une partie du prix „concerts jeunes artistes“ qu&#8217;il avait gagné il [&hellip;]</p>
