{"id":12,"date":"2013-04-28T17:53:17","date_gmt":"2013-04-28T15:53:17","guid":{"rendered":"http:\/\/www.alois-springer.de\/francais\/?page_id=12"},"modified":"2013-07-16T15:47:57","modified_gmt":"2013-07-16T13:47:57","slug":"neue-visionen-klangprojekte","status":"publish","type":"page","link":"http:\/\/alois-springer.de\/francais\/neue-visionen-klangprojekte\/","title":{"rendered":"De nouvelles visions musicales"},"content":{"rendered":"<p><strong>Chef invit\u00e9, membre de jury, professeur<\/strong><\/p>\n<p>Les ann\u00e9es durant lesquelles Alois Springer \u00e9tait oblig\u00e9 de gagner de l&#8217;argent en faisant de la musique sont derri\u00e8re lui. <\/p>\n<p><img loading=\"lazy\" decoding=\"async\" class=\"alignleft\" alt=\"\" src=\"http:\/\/www.alois-springer.de\/wp-content\/uploads\/2013\/04\/als_maestro-150x150.jpg\" width=\"150\" height=\"150\" \/>Aujourd&#8217;hui il est \u201eprivatier\u201c \u2013 ou comme il le dit lui-m\u00eame: &#8222;Je peux me permettre le luxe d&#8217;\u00e9viter des gens qui pourraient me g\u00e2cher la journ\u00e9e.\u00bb <\/p>\n<p>&nbsp;<\/p>\n<p>&nbsp;<\/p>\n<p>Cependant, son amour pour la musique est rest\u00e9 inchang\u00e9. C&#8217;est avec la m\u00eame f\u00e9brilit\u00e9 qu&#8216; Alois Springer poursuit sa vision musicale. De nombreuses demandes \u2013 directement ou par le biais de son agence \u2013 lui parviennent pour qu&#8217;il continue \u00e0 donner forme \u00e0 sa vision sonore et \u00e0 partager sa passion avec son public.<\/p>\n<div id=\"attachment_98\" style=\"width: 530px\" class=\"wp-caption alignnone\"><img decoding=\"async\" aria-describedby=\"caption-attachment-98\" class=\" wp-image-98  \" alt=\"PRIMARTE \u2013 L'Orchestre des Laur\u00e9ats avec Alois Springer et le soliste Florian Meierott lors du premier concert au manoir de Bornstedt \/ Potsdam le 30 mai 2004.\" src=\"http:\/\/www.alois-springer.de\/wp-content\/uploads\/2013\/04\/potsdam_600.jpg\" width=\"520\" \/><p id=\"caption-attachment-98\" class=\"wp-caption-text\">PRIMARTE \u2013 L&#8217;Orchestre des Laur\u00e9ats avec Alois Springer et le soliste Florian Meierott lors du premier concert au manoir de Bornstedt \/ Potsdam le 30 mai 2004.<\/p><\/div>\n<p>&nbsp;<\/p>\n<p><div id=\"attachment_278\" style=\"width: 162px\" class=\"wp-caption alignleft\"><img loading=\"lazy\" decoding=\"async\" aria-describedby=\"caption-attachment-278\" class=\"size-full wp-image-278\" alt=\"\" src=\"http:\/\/www.alois-springer.de\/wp-content\/uploads\/2013\/04\/unterricht_152.jpg\" width=\"152\" height=\"218\" \/><p id=\"caption-attachment-278\" class=\"wp-caption-text\">Aide aux jeunes musiciens extr\u00eamement dou\u00e9s dans son projet PrimArte<\/p><\/div>Comme chef invit\u00e9, il continue d&#8217;aller \u00e0 la rencontre de son public, que ce soit en Allemagne ou dans les pays de l&#8217;Est. A Frankfort, sa ville de r\u00e9sidence actuelle, il devient occasionnellement professeur pour transmettre son exp\u00e9rience \u00e0 une s\u00e9lection d&#8217;\u00e9tudiants en musique.<\/p>\n<p>Et lorsqu&#8217;on fait appel \u00e0 lui comme membre de jury du concours international de compositeurs, son amour pour la musique prend le pas sur une retraite paisible. <\/p>\n<p>&nbsp;<\/p>\n<p>&nbsp;<\/p>\n<p>&nbsp;<\/p>\n<p><div id=\"attachment_276\" style=\"width: 162px\" class=\"wp-caption alignleft\"><img loading=\"lazy\" decoding=\"async\" aria-describedby=\"caption-attachment-276\" class=\"size-full wp-image-276\" alt=\"\" src=\"http:\/\/www.alois-springer.de\/wp-content\/uploads\/2013\/04\/jury_in_griechenland_152.jpg\" width=\"152\" height=\"96\" \/><p id=\"caption-attachment-276\" class=\"wp-caption-text\">Alois Springer, membre de<br \/>\njury du concours international de compositeurs en Gr\u00e8ce<\/p><\/div><strong>Une empreinte d&#8217;exception dans la musique de chambre<\/strong><br \/>\nMais c&#8217;est \u00e0 la musique de chambre qu&#8217;Alois Springer d\u00e9voue toute sa fid\u00e9lit\u00e9. Ainsi, il continue \u00e0 jouer, comme \u00e0 ses d\u00e9buts, avec son propre orchestre de chambre cette fois-ci, les grandes \u0153uvres de la litt\u00e9rature musicale. Avec cet orchestre, il s&#8217;adonne \u00e0 la musique de Gy\u00f6rgy Ligeti et ses cr\u00e9ations contemporaines, pr\u00e9sente des master classes d&#8217;exception pour piano et violon, joue les oeuvres de Mozart \u00e0 Cesar Frank et Maurice Ravel. De v\u00e9ritable grands concerts sont r\u00e9alis\u00e9s avec ce petit orchestre d&#8217;exception.<\/p>\n<p><img decoding=\"async\" class=\" wp-image-94  alignnone\" alt=\"Alois Springer, chef invit\u00e9 \u00e0 Sofia\" src=\"http:\/\/www.alois-springer.de\/wp-content\/uploads\/2013\/04\/sofia_550.jpg\" \/><\/p>\n<p>Mais Alois Springer n&#8217;en reste pas l\u00e0. Volontiers, il s&#8217;aventure sur des terrains vierges que personne n&#8217;avait os\u00e9 toucher avant lui. Il a l&#8217;audace de repr\u00e9senter \u00e0 la Sofia Philharmonia \u201eAinsi parla Zarathustra\u201c de Friedrich Nietsche accompagn\u00e9 de la sixi\u00e8me symphonie de Tchaikowsky, le tout plong\u00e9 dans une symbiose de musique et de paroles. <\/p>\n<p>Ou encore, il intervient dans des s\u00e9minaires pour dirigeants d&#8217;entreprise et en partant d&#8217;une symphonie de Brahms r\u00e9v\u00e8le aux participants assis au plein milieu de l&#8217;orchestre comment une \u0153uvre commune na\u00eet et se d\u00e9veloppe. <\/p>\n<div id=\"attachment_96\" style=\"width: 630px\" class=\"wp-caption alignnone\"><img decoding=\"async\" aria-describedby=\"caption-attachment-96\" class=\" wp-image-96  \" alt=\"Avec son propre orchestre de chambre\" src=\"http:\/\/www.alois-springer.de\/wp-content\/uploads\/2013\/04\/kammer_4801.jpg\" width=\"520\" \/><p id=\"caption-attachment-96\" class=\"wp-caption-text\">Avec son propre orchestre de chambre<\/p><\/div>\n<p>&nbsp;<\/p>\n<p><strong>PrimArte \u2013 l&#8217;orchestre des Laur\u00e9ats<\/strong><\/p>\n<p>Par ailleurs, Alois Springer travailla \u00e0 la r\u00e9alisation d&#8217;un de ses r\u00eaves. La cr\u00e9ation d&#8217;un orchestre constitu\u00e9 de jeunes musiciens talentueux et enthousiastes et \u00e9tabli selon ses propres id\u00e9es de sonorit\u00e9, spiritualit\u00e9 et philosophie. Il donna \u00e0 son orchestre le nom de PrimArte \u00ab L&#8217;Orchestre des Laur\u00e9ats \u00bb.<\/p>\n<p>Ce projet, qu&#8216; Alois Springer initia ensemble avec l&#8217;agence du m\u00eame nom \u00ab PrimArte Nicole Stephan \u00bb, a pour but d&#8217;encourager les jeunes talents de poursuivre leur but sans se laisser d\u00e9concerter par des \u00e9v\u00e8nements tumultueux autour d&#8217;eux \u2013 mais au contraire d&#8217;int\u00e9rioriser ce \u00ab mouvement en avant \u00bb inh\u00e9rent \u00e0 la musique qui engendre l&#8216; espoir, la joie et un rayonnement sans borne.<\/p>\n<p>Les premiers concerts de ce jeune orchestre remarquable ont d&#8217;ores et d\u00e9j\u00e0 attir\u00e9 l&#8217;attention des m\u00e9lomanes et des professionnels. <\/p>\n<p><strong>L&#8217;autobiographie de Alois Springer<\/strong><br \/>\n<a href=\"http:\/\/www.amazon.de\/dp\/3862820122?tag=d00ab-21\" target=\"_blank\"><img loading=\"lazy\" decoding=\"async\" class=\"size-full wp-image-100 alignleft\" alt=\"Alois Springer - Die Autobiografie eines Dirigenten\" src=\"http:\/\/www.alois-springer.de\/wp-content\/uploads\/2013\/04\/buch.jpg\" width=\"200\" height=\"291\" \/><\/a>Alois Springer est un homme g\u00e9n\u00e9reux qui est \u00e0 l&#8217;\u00e9coute de tous les talents de bonne volont\u00e9. Son autobiographie sera publi\u00e9e prochainement. On pourra y relire les d\u00e9tails de ce qui a \u00e9t\u00e9 dit et de ce qui reste encore \u00e0 dire. <\/p>\n<p><a href=\"http:\/\/www.amazon.de\/dp\/3862820122?tag=d00ab-21\" target=\"_blank\">Alois Springer \u2013 Die Autobiografie eines Dirigenten<\/a><\/p>\n<p>&nbsp;<\/p>\n<p>&nbsp;<\/p>\n<p>&nbsp;<\/p>\n<p>&nbsp;<\/p>\n<img decoding=\"async\" src=\"http:\/\/www.alois-springer.de\/wp-content\/uploads\/2013\/04\/PrimarteFoto2005_600.jpg\" alt=\"PRIMARTE-Orchester der Preistr\u00e4ger in symphonischer Besetzung anl\u00e4sslich eines Openair Konzertes am 27.8.2005 in der Reihe KLASSIK SOMMER 2005 in der KULTURBRAUEREI BERLIN.\" width=\"520\" \/>\n","protected":false},"excerpt":{"rendered":"<p>Chef invit\u00e9, membre de jury, professeur Les ann\u00e9es durant lesquelles Alois Springer \u00e9tait oblig\u00e9 de gagner de l&#8217;argent en faisant de la musique sont derri\u00e8re lui. Aujourd&#8217;hui il est \u201eprivatier\u201c \u2013 ou comme il le dit lui-m\u00eame: &#8222;Je peux me permettre le luxe d&#8217;\u00e9viter des gens qui pourraient me g\u00e2cher la journ\u00e9e.\u00bb &nbsp; &nbsp; Cependant, [&hellip;]<\/p>\n","protected":false},"author":1,"featured_media":0,"parent":0,"menu_order":7,"comment_status":"closed","ping_status":"closed","template":"","meta":{"footnotes":""},"_links":{"self":[{"href":"http:\/\/alois-springer.de\/francais\/wp-json\/wp\/v2\/pages\/12"}],"collection":[{"href":"http:\/\/alois-springer.de\/francais\/wp-json\/wp\/v2\/pages"}],"about":[{"href":"http:\/\/alois-springer.de\/francais\/wp-json\/wp\/v2\/types\/page"}],"author":[{"embeddable":true,"href":"http:\/\/alois-springer.de\/francais\/wp-json\/wp\/v2\/users\/1"}],"replies":[{"embeddable":true,"href":"http:\/\/alois-springer.de\/francais\/wp-json\/wp\/v2\/comments?post=12"}],"version-history":[{"count":6,"href":"http:\/\/alois-springer.de\/francais\/wp-json\/wp\/v2\/pages\/12\/revisions"}],"predecessor-version":[{"id":58,"href":"http:\/\/alois-springer.de\/francais\/wp-json\/wp\/v2\/pages\/12\/revisions\/58"}],"wp:attachment":[{"href":"http:\/\/alois-springer.de\/francais\/wp-json\/wp\/v2\/media?parent=12"}],"curies":[{"name":"wp","href":"https:\/\/api.w.org\/{rel}","templated":true}]}}

<p><strong>Chef invité, membre de jury, professeur</strong></p>
<p>Les années durant lesquelles Alois Springer était obligé de gagner de l&#8217;argent en faisant de la musique sont derrière lui. </p>
<p><img loading="lazy" decoding="async" class="alignleft" alt="" src="http://www.alois-springer.de/wp-content/uploads/2013/04/als_maestro-150x150.jpg" width="150" height="150" />Aujourd&#8217;hui il est „privatier“ – ou comme il le dit lui-même: &#8222;Je peux me permettre le luxe d&#8217;éviter des gens qui pourraient me gâcher la journée.» </p>
<p>&nbsp;</p>
<p>&nbsp;</p>
<p>Cependant, son amour pour la musique est resté inchangé. C&#8217;est avec la même fébrilité qu&#8216; Alois Springer poursuit sa vision musicale. De nombreuses demandes – directement ou par le biais de son agence – lui parviennent pour qu&#8217;il continue à donner forme à sa vision sonore et à partager sa passion avec son public.</p>
<div id="attachment_98" style="width: 530px" class="wp-caption alignnone"><img decoding="async" aria-describedby="caption-attachment-98" class=" wp-image-98  " alt="PRIMARTE – L'Orchestre des Lauréats avec Alois Springer et le soliste Florian Meierott lors du premier concert au manoir de Bornstedt / Potsdam le 30 mai 2004." src="http://www.alois-springer.de/wp-content/uploads/2013/04/potsdam_600.jpg" width="520" /><p id="caption-attachment-98" class="wp-caption-text">PRIMARTE – L&#8217;Orchestre des Lauréats avec Alois Springer et le soliste Florian Meierott lors du premier concert au manoir de Bornstedt / Potsdam le 30 mai 2004.</p></div>
<p>&nbsp;</p>
<p><div id="attachment_278" style="width: 162px" class="wp-caption alignleft"><img loading="lazy" decoding="async" aria-describedby="caption-attachment-278" class="size-full wp-image-278" alt="" src="http://www.alois-springer.de/wp-content/uploads/2013/04/unterricht_152.jpg" width="152" height="218" /><p id="caption-attachment-278" class="wp-caption-text">Aide aux jeunes musiciens extrêmement doués dans son projet PrimArte</p></div>Comme chef invité, il continue d&#8217;aller à la rencontre de son public, que ce soit en Allemagne ou dans les pays de l&#8217;Est. A Frankfort, sa ville de résidence actuelle, il devient occasionnellement professeur pour transmettre son expérience à une sélection d&#8217;étudiants en musique.</p>
<p>Et lorsqu&#8217;on fait appel à lui comme membre de jury du concours international de compositeurs, son amour pour la musique prend le pas sur une retraite paisible. </p>
<p>&nbsp;</p>
<p>&nbsp;</p>
<p>&nbsp;</p>
<p><div id="attachment_276" style="width: 162px" class="wp-caption alignleft"><img loading="lazy" decoding="async" aria-describedby="caption-attachment-276" class="size-full wp-image-276" alt="" src="http://www.alois-springer.de/wp-content/uploads/2013/04/jury_in_griechenland_152.jpg" width="152" height="96" /><p id="caption-attachment-276" class="wp-caption-text">Alois Springer, membre de<br />
jury du concours international de compositeurs en Grèce</p></div><strong>Une empreinte d&#8217;exception dans la musique de chambre</strong><br />
Mais c&#8217;est à la musique de chambre qu&#8217;Alois Springer dévoue toute sa fidélité. Ainsi, il continue à jouer, comme à ses débuts, avec son propre orchestre de chambre cette fois-ci, les grandes œuvres de la littérature musicale. Avec cet orchestre, il s&#8217;adonne à la musique de György Ligeti et ses créations contemporaines, présente des master classes d&#8217;exception pour piano et violon, joue les oeuvres de Mozart à Cesar Frank et Maurice Ravel. De véritable grands concerts sont réalisés avec ce petit orchestre d&#8217;exception.</p>
<p><img decoding="async" class=" wp-image-94  alignnone" alt="Alois Springer, chef invité à Sofia" src="http://www.alois-springer.de/wp-content/uploads/2013/04/sofia_550.jpg" /></p>
<p>Mais Alois Springer n&#8217;en reste pas là. Volontiers, il s&#8217;aventure sur des terrains vierges que personne n&#8217;avait osé toucher avant lui. Il a l&#8217;audace de représenter à la Sofia Philharmonia „Ainsi parla Zarathustra“ de Friedrich Nietsche accompagné de la sixième symphonie de Tchaikowsky, le tout plongé dans une symbiose de musique et de paroles. </p>
<p>Ou encore, il intervient dans des séminaires pour dirigeants d&#8217;entreprise et en partant d&#8217;une symphonie de Brahms révèle aux participants assis au plein milieu de l&#8217;orchestre comment une œuvre commune naît et se développe. </p>
<div id="attachment_96" style="width: 630px" class="wp-caption alignnone"><img decoding="async" aria-describedby="caption-attachment-96" class=" wp-image-96  " alt="Avec son propre orchestre de chambre" src="http://www.alois-springer.de/wp-content/uploads/2013/04/kammer_4801.jpg" width="520" /><p id="caption-attachment-96" class="wp-caption-text">Avec son propre orchestre de chambre</p></div>
<p>&nbsp;</p>
<p><strong>PrimArte – l&#8217;orchestre des Lauréats</strong></p>
<p>Par ailleurs, Alois Springer travailla à la réalisation d&#8217;un de ses rêves. La création d&#8217;un orchestre constitué de jeunes musiciens talentueux et enthousiastes et établi selon ses propres idées de sonorité, spiritualité et philosophie. Il donna à son orchestre le nom de PrimArte « L&#8217;Orchestre des Lauréats ».</p>
<p>Ce projet, qu&#8216; Alois Springer initia ensemble avec l&#8217;agence du même nom « PrimArte Nicole Stephan », a pour but d&#8217;encourager les jeunes talents de poursuivre leur but sans se laisser déconcerter par des évènements tumultueux autour d&#8217;eux – mais au contraire d&#8217;intérioriser ce « mouvement en avant » inhérent à la musique qui engendre l&#8216; espoir, la joie et un rayonnement sans borne.</p>
<p>Les premiers concerts de ce jeune orchestre remarquable ont d&#8217;ores et déjà attiré l&#8217;attention des mélomanes et des professionnels. </p>
<p><strong>L&#8217;autobiographie de Alois Springer</strong><br />
<a href="http://www.amazon.de/dp/3862820122?tag=d00ab-21" target="_blank"><img loading="lazy" decoding="async" class="size-full wp-image-100 alignleft" alt="Alois Springer - Die Autobiografie eines Dirigenten" src="http://www.alois-springer.de/wp-content/uploads/2013/04/buch.jpg" width="200" height="291" /></a>Alois Springer est un homme généreux qui est à l&#8217;écoute de tous les talents de bonne volonté. Son autobiographie sera publiée prochainement. On pourra y relire les détails de ce qui a été dit et de ce qui reste encore à dire. </p>
<p><a href="http://www.amazon.de/dp/3862820122?tag=d00ab-21" target="_blank">Alois Springer – Die Autobiografie eines Dirigenten</a></p>
<p>&nbsp;</p>
<p>&nbsp;</p>
<p>&nbsp;</p>
<p>&nbsp;</p>
<img decoding="async" src="http://www.alois-springer.de/wp-content/uploads/2013/04/PrimarteFoto2005_600.jpg" alt="PRIMARTE-Orchester der Preisträger in symphonischer Besetzung anlässlich eines Openair Konzertes am 27.8.2005 in der Reihe KLASSIK SOMMER 2005 in der KULTURBRAUEREI BERLIN." width="520" />

<p>Chef invité, membre de jury, professeur Les années durant lesquelles Alois Springer était obligé de gagner de l&#8217;argent en faisant de la musique sont derrière lui. Aujourd&#8217;hui il est „privatier“ – ou comme il le dit lui-même: &#8222;Je peux me permettre le luxe d&#8217;éviter des gens qui pourraient me gâcher la journée.» &nbsp; &nbsp; Cependant, [&hellip;]</p>
