{"id":8,"date":"2013-04-28T17:52:31","date_gmt":"2013-04-28T15:52:31","guid":{"rendered":"http:\/\/www.alois-springer.de\/francais\/?page_id=8"},"modified":"2013-07-16T14:19:50","modified_gmt":"2013-07-16T12:19:50","slug":"von-zurich-bis-radio-luxembourg","status":"publish","type":"page","link":"http:\/\/alois-springer.de\/francais\/von-zurich-bis-radio-luxembourg\/","title":{"rendered":"De Zurich \u00e0 Radio Luxembourg"},"content":{"rendered":"<p><img loading=\"lazy\" decoding=\"async\" class=\"alignnone size-full wp-image-220\" alt=\"\" src=\"http:\/\/www.alois-springer.de\/wp-content\/uploads\/2013\/04\/Alois2.jpg\" width=\"520\" height=\"300\" \/><\/p>\n<p>&nbsp;<\/p>\n<p><strong>Les fondements pour l&#8217;\u00e9dification des grandes symphonies<\/strong><\/p>\n<p>Alois franchissait une par une les \u00e9tapes de sa carri\u00e8re. Rapidement, il fut engag\u00e9 comme Premier Violon \u00e0 l&#8217;Orchestre de Chambre de Zurich qui, sous la baguette d&#8217;Edmound de Stouz, avait atteint une renomm\u00e9e mondiale. C&#8217;est ici qu&#8217;il fallait venir. C&#8217;est ici qu&#8217;il consolida sa force musicale qui par la suite ne le quittait plus sur son chemin vers la r\u00e9alisation de son concept musical. Il apprenait \u00e0 bien conna\u00eetre le microcosme de la musique de chambre. <\/p>\n<p>Durant ces quelques ann\u00e9es, il posa les fondements \u00e0 l&#8217;\u00e9dification de ses visions musicales qui devaient en effet se r\u00e9aliser un peu plus tard lorsqu&#8217;il interpr\u00e9ta les grandes symphonies de Beethoven, Schubert, Bruckner, Strauss et Mahler. <\/p>\n<p>Mais l&#8217;apog\u00e9e de cette \u00e9poque fut sa collaboration avec Yehudi Menuhin, Benjamin Britten, Peter Pears, \u00e0 Gstaad comme aux nombreuses tourn\u00e9es \u00e0 travers l&#8217;Europe, ainsi que sa collaboration avec Frank Martin dont il ex\u00e9cutait les concerts de violon. <\/p>\n<p>&nbsp;<\/p>\n<p><div id=\"attachment_226\" style=\"width: 210px\" class=\"wp-caption alignleft\"><img loading=\"lazy\" decoding=\"async\" aria-describedby=\"caption-attachment-226\" src=\"http:\/\/www.alois-springer.de\/wp-content\/uploads\/2013\/04\/menuhin_g1.jpg\" alt=\"Alois Springer (\u00e0 gauche, \u00e0 \nmoiti\u00e9 cach\u00e9) avec Menuhin \u00e0 l'Orchestre de Chambre de Zurich\" width=\"200\" height=\"269\" class=\"size-full wp-image-226\" \/><p id=\"caption-attachment-226\" class=\"wp-caption-text\">Alois Springer (\u00e0 gauche, \u00e0<br \/>\nmoiti\u00e9 cach\u00e9) avec Menuhin \u00e0 l&#8217;Orchestre de Chambre de Zurich<\/p><\/div><strong>Le plus jeune Premier Violon de l&#8217;Allemagne<\/strong><\/p>\n<p>Au terme de ces 3 pr\u00e9cieuses ann\u00e9es durant lesquelles il s&#8217;impr\u00e9gnait de la plus haute qualit\u00e9 de musique de chambre, Alois, le plus jeune Premier Violon de l&#8217;Allemagne, fut engag\u00e9 \u00e0 l&#8217;Op\u00e9ra de Tr\u00e8ves o\u00f9 sa performance de soliste au concert de Mendelssohn fut un succ\u00e8s m\u00e9morable. <\/p>\n<p>&nbsp;<\/p>\n<p>&nbsp;<\/p>\n<p>&nbsp;<\/p>\n<p>Mais il n&#8217;en resta pas l\u00e0 : il gagna le 1er prix du concours f\u00e9d\u00e9ral des \u00ab concerts jeunes artistes \u00bb \u00e0 Hanovre. Peu de temps apr\u00e8s, ses repr\u00e9sentations avec le l&#8217;Orchestre Symphonique de Berlin furent accueillies par la presse allemande avec enthousiasme: \u00bb\u2026 enfin un nouveau talent allemand. Ce jeune chef d&#8217;orchestre nous permet tous les espoirs au niveau international.\u00ab<\/p>\n<p><img decoding=\"async\" class=\" wp-image-141 alignnone\" alt=\"Als Konzertmeister in Trier\" src=\"http:\/\/www.alois-springer.de\/wp-content\/uploads\/2013\/04\/konzertmeister_trier_g.jpg\" \/><\/p>\n<p>&nbsp;<\/p>\n<p><strong>Le succ\u00e8s le m\u00e8ne au Luxembourg<\/strong><\/p>\n<p>Peu de temps apr\u00e8s, il gagna le 1er prix international du concours de direction d&#8217;orchestre de Besan\u00e7on en France, un prix \u00e0 renomm\u00e9e internationale. Seiji Ozawa, avant Alois Springer, fut un autre laur\u00e9at de ce prix prestigieux. <\/p>\n<p>Ayant vu les performances de Alois, Louis de Froment, chef de l&#8217;Orchestre Symphonique Radio Luxembourg l&#8217;engagea comme violoniste solo et second chef d&#8217;orchestre \u00e0 l&#8217;Orchestre Symphonique de Radio Luxembourg. <\/p>\n<p><img decoding=\"async\" class=\" wp-image-156 alignnone\" alt=\"A Luxembourg avec Louis \nde Froment \" src=\"http:\/\/www.alois-springer.de\/wp-content\/uploads\/2013\/04\/Alois5_web.jpg\" \/><\/p>\n<p><div id=\"attachment_231\" style=\"width: 162px\" class=\"wp-caption alignleft\"><img loading=\"lazy\" decoding=\"async\" aria-describedby=\"caption-attachment-231\" src=\"http:\/\/www.alois-springer.de\/wp-content\/uploads\/2013\/04\/oistrach_152.jpg\" alt=\"David Oistrach\" width=\"152\" height=\"148\" class=\"size-full wp-image-231\" \/><p id=\"caption-attachment-231\" class=\"wp-caption-text\">David Oistrach<\/p><\/div>ci, Alois Springer fut le premier \u00e0 enregistrer la version symphonique de la West Side Story de Leonard Bernstein, la musique de Candide ainsi que la rhapsodie pour violoncelle et orchestre d&#8217;Aram Katchaturian au del\u00e0 des l&#8217;Union Sovi\u00e9tique. Il r\u00e9p\u00e9ta en outre les Emations de Penderecky et pr\u00e9parait les enregistrements avec le grand violoniste David Ostrach. <\/p>\n<p>Une autre aventure fut son intervention lors du Grand Prix De La Chanson 1966 qui a eu lieu \u00e0 Luxembourg. Udo J\u00fcrgens gagna avec le titre \u00ab merci ch\u00e9ri \u00bb laissant loin derri\u00e8re lui les autres participants, parmi lesquels se trouvait entre autres Margot Eskens.<\/p>\n","protected":false},"excerpt":{"rendered":"<p>&nbsp; Les fondements pour l&#8217;\u00e9dification des grandes symphonies Alois franchissait une par une les \u00e9tapes de sa carri\u00e8re. Rapidement, il fut engag\u00e9 comme Premier Violon \u00e0 l&#8217;Orchestre de Chambre de Zurich qui, sous la baguette d&#8217;Edmound de Stouz, avait atteint une renomm\u00e9e mondiale. C&#8217;est ici qu&#8217;il fallait venir. C&#8217;est ici qu&#8217;il consolida sa force musicale [&hellip;]<\/p>\n","protected":false},"author":1,"featured_media":0,"parent":0,"menu_order":3,"comment_status":"closed","ping_status":"closed","template":"","meta":{"footnotes":""},"_links":{"self":[{"href":"http:\/\/alois-springer.de\/francais\/wp-json\/wp\/v2\/pages\/8"}],"collection":[{"href":"http:\/\/alois-springer.de\/francais\/wp-json\/wp\/v2\/pages"}],"about":[{"href":"http:\/\/alois-springer.de\/francais\/wp-json\/wp\/v2\/types\/page"}],"author":[{"embeddable":true,"href":"http:\/\/alois-springer.de\/francais\/wp-json\/wp\/v2\/users\/1"}],"replies":[{"embeddable":true,"href":"http:\/\/alois-springer.de\/francais\/wp-json\/wp\/v2\/comments?post=8"}],"version-history":[{"count":5,"href":"http:\/\/alois-springer.de\/francais\/wp-json\/wp\/v2\/pages\/8\/revisions"}],"predecessor-version":[{"id":50,"href":"http:\/\/alois-springer.de\/francais\/wp-json\/wp\/v2\/pages\/8\/revisions\/50"}],"wp:attachment":[{"href":"http:\/\/alois-springer.de\/francais\/wp-json\/wp\/v2\/media?parent=8"}],"curies":[{"name":"wp","href":"https:\/\/api.w.org\/{rel}","templated":true}]}}

De Zurich à Radio Luxembourg

<p><img loading="lazy" decoding="async" class="alignnone size-full wp-image-220" alt="" src="http://www.alois-springer.de/wp-content/uploads/2013/04/Alois2.jpg" width="520" height="300" /></p>
<p>&nbsp;</p>
<p><strong>Les fondements pour l&#8217;édification des grandes symphonies</strong></p>
<p>Alois franchissait une par une les étapes de sa carrière. Rapidement, il fut engagé comme Premier Violon à l&#8217;Orchestre de Chambre de Zurich qui, sous la baguette d&#8217;Edmound de Stouz, avait atteint une renommée mondiale. C&#8217;est ici qu&#8217;il fallait venir. C&#8217;est ici qu&#8217;il consolida sa force musicale qui par la suite ne le quittait plus sur son chemin vers la réalisation de son concept musical. Il apprenait à bien connaître le microcosme de la musique de chambre. </p>
<p>Durant ces quelques années, il posa les fondements à l&#8217;édification de ses visions musicales qui devaient en effet se réaliser un peu plus tard lorsqu&#8217;il interpréta les grandes symphonies de Beethoven, Schubert, Bruckner, Strauss et Mahler. </p>
<p>Mais l&#8217;apogée de cette époque fut sa collaboration avec Yehudi Menuhin, Benjamin Britten, Peter Pears, à Gstaad comme aux nombreuses tournées à travers l&#8217;Europe, ainsi que sa collaboration avec Frank Martin dont il exécutait les concerts de violon. </p>
<p>&nbsp;</p>
<p><div id="attachment_226" style="width: 210px" class="wp-caption alignleft"><img loading="lazy" decoding="async" aria-describedby="caption-attachment-226" src="http://www.alois-springer.de/wp-content/uploads/2013/04/menuhin_g1.jpg" alt="Alois Springer (à gauche, à 
moitié caché) avec Menuhin à l'Orchestre de Chambre de Zurich" width="200" height="269" class="size-full wp-image-226" /><p id="caption-attachment-226" class="wp-caption-text">Alois Springer (à gauche, à<br />
moitié caché) avec Menuhin à l&#8217;Orchestre de Chambre de Zurich</p></div><strong>Le plus jeune Premier Violon de l&#8217;Allemagne</strong></p>
<p>Au terme de ces 3 précieuses années durant lesquelles il s&#8217;imprégnait de la plus haute qualité de musique de chambre, Alois, le plus jeune Premier Violon de l&#8217;Allemagne, fut engagé à l&#8217;Opéra de Trèves où sa performance de soliste au concert de Mendelssohn fut un succès mémorable. </p>
<p>&nbsp;</p>
<p>&nbsp;</p>
<p>&nbsp;</p>
<p>Mais il n&#8217;en resta pas là : il gagna le 1er prix du concours fédéral des « concerts jeunes artistes » à Hanovre. Peu de temps après, ses représentations avec le l&#8217;Orchestre Symphonique de Berlin furent accueillies par la presse allemande avec enthousiasme: »… enfin un nouveau talent allemand. Ce jeune chef d&#8217;orchestre nous permet tous les espoirs au niveau international.«</p>
<p><img decoding="async" class=" wp-image-141 alignnone" alt="Als Konzertmeister in Trier" src="http://www.alois-springer.de/wp-content/uploads/2013/04/konzertmeister_trier_g.jpg" /></p>
<p>&nbsp;</p>
<p><strong>Le succès le mène au Luxembourg</strong></p>
<p>Peu de temps après, il gagna le 1er prix international du concours de direction d&#8217;orchestre de Besançon en France, un prix à renommée internationale. Seiji Ozawa, avant Alois Springer, fut un autre lauréat de ce prix prestigieux. </p>
<p>Ayant vu les performances de Alois, Louis de Froment, chef de l&#8217;Orchestre Symphonique Radio Luxembourg l&#8217;engagea comme violoniste solo et second chef d&#8217;orchestre à l&#8217;Orchestre Symphonique de Radio Luxembourg. </p>
<p><img decoding="async" class=" wp-image-156 alignnone" alt="A Luxembourg avec Louis 
de Froment " src="http://www.alois-springer.de/wp-content/uploads/2013/04/Alois5_web.jpg" /></p>
<p><div id="attachment_231" style="width: 162px" class="wp-caption alignleft"><img loading="lazy" decoding="async" aria-describedby="caption-attachment-231" src="http://www.alois-springer.de/wp-content/uploads/2013/04/oistrach_152.jpg" alt="David Oistrach" width="152" height="148" class="size-full wp-image-231" /><p id="caption-attachment-231" class="wp-caption-text">David Oistrach</p></div>ci, Alois Springer fut le premier à enregistrer la version symphonique de la West Side Story de Leonard Bernstein, la musique de Candide ainsi que la rhapsodie pour violoncelle et orchestre d&#8217;Aram Katchaturian au delà des l&#8217;Union Soviétique. Il répéta en outre les Emations de Penderecky et préparait les enregistrements avec le grand violoniste David Ostrach. </p>
<p>Une autre aventure fut son intervention lors du Grand Prix De La Chanson 1966 qui a eu lieu à Luxembourg. Udo Jürgens gagna avec le titre « merci chéri » laissant loin derrière lui les autres participants, parmi lesquels se trouvait entre autres Margot Eskens.</p>

<p>&nbsp; Les fondements pour l&#8217;édification des grandes symphonies Alois franchissait une par une les étapes de sa carrière. Rapidement, il fut engagé comme Premier Violon à l&#8217;Orchestre de Chambre de Zurich qui, sous la baguette d&#8217;Edmound de Stouz, avait atteint une renommée mondiale. C&#8217;est ici qu&#8217;il fallait venir. C&#8217;est ici qu&#8217;il consolida sa force musicale [&hellip;]</p>
